 -5 - ((-3 - 3) + (0 - -7)).
-6
What is 0 + 3 + 2 + -6?
-1
What is (0 - (-3 - -4) - 3) + 9?
5
Evaluate 0 - (-5 + 1 + 4).
0
What is -4 + -1 + (-8 - -26) + -7?
6
What is (-1 - -4) + (8 + -1 - 10)?
0
Calculate 2 - (5 - (3 + (-1 - 3))).
-4
What is the value of -2 + 8 + 20 + -22?
4
Calculate 6 - 0 - (-147 - -157).
-4
-2 + -3 - -11 - 4
2
What is the value of 101 + -101 + (-9 - 2)?
-11
What is -13 - -19 - (12 - 1)?
-5
What is -12 - ((6 - 3) + -8)?
-7
Calculate 4 + (-4 - 1) + -3 + 6.
2
What is the value of -3 - (-9 + (-4 - -3))?
7
Calculate 8 - (-2 + 0 + 6).
4
What is 7 - (-7 + 7) - 4?
3
Evaluate 13 + 3 + -2 + -12.
2
What is 17 - 17 - (6 - (-3 - -4))?
-5
18 + -13 + (0 - 4)
1
What is the value of -16 - -7 - (-10 + 1)?
0
What is the value of (7 - 2) + (-8 - -4 - 6)?
-5
Evaluate -15 + 11 - (-4 + 1).
-1
What is -10 - (-10 - (-3 + -3 + 2))?
-4
What is the value of -3 + -9 + -2 + (1 - -4)?
-9
What is the value of 5 + -8 - -1 - 2?
-4
What is the value of -8 + 8 + -2 - (9 - 3)?
-8
What is the value of (-26 - -32) + (-2 - 2) - -7?
9
Calculate 1 + -7 - -12 - (-1 + 6).
1
Calculate -8 + 2 - (5 + -7).
-4
Evaluate (5 - (-2 - -4) - -16) + -8.
11
Calculate (-21 - -16) + 4 + -4.
-5
What is the value of -4 - (-1 + -6) - (-22 - -18)?
7
Evaluate 10 + (-5 - (2 + 2)).
1
7 + -3 - (0 - -2 - -1)
1
What is the value of -7 + 6 + (0 - 0) + -1?
-2
What is (-3 + 0 - (-2 + 1)) + -1?
-3
-1 + 10 + 1 + 30 + -32
8
What is -3 + -1 + (0 - -4)?
0
What is -3 + 6 + (-3 - 5)?
-5
What is the value of (0 - 3) + (-2 - -12 - 3)?
4
What is 11 + (-8 - (-4 - -2))?
5
What is 0 + -1 + (-3 + 2 - 2)?
-4
(2 - 5) + 0 + 4
1
What is 7 + 1 + 28 + -30 + -7?
-1
3 + -5 - (-1 + 2)
-3
What is the value of (7 - 7) + 5 + -4?
1
What is the value of 2 + -5 + 6 + 0?
3
What is -11 - -14 - (2 - -2)?
-1
-3 - 0 - (12 + -7 + -8)
0
What is the value of (-10 - -7 - 4) + 2?
-5
Evaluate -2 - (0 - -3 - (2 + -1)).
-4
4 + -6 + -4 + 2 - -3
-1
What is the value of 3 + -1 + 4 + -7?
-1
Evaluate -2 - (2 + -2) - (-3 + -4).
5
Calculate -5 + 10 - (1 - (-1 + 2)).
5
What is 9 + (-7 - -5) - (3 - 0)?
4
What is -1 + 4 + (-6 - (-1 - 5))?
3
What is 0 + 2 - (1 - -3)?
-2
Calculate 0 - (5 + -5 + 4 + -3).
-1
-4 + 8 + (2 - 5) - 2
-1
What is the value of (-4 - -7) + -7 - -7?
3
What is the value of -4 - ((1 - 1) + (2 - 5))?
-1
-9 + (2 - -2) + 12
7
Evaluate (4 - -1) + -3 + 6 + -11.
-3
-7 - (8 - 7) - -11
3
What is -1 + 3 - 1 - (-4 + 6)?
-1
What is (12 - 4) + -1 - 8?
-1
What is 1 - (5 - 3 - 7) - 7?
-1
Calculate 0 - (4 - -4 - 4).
-4
What is -3 - (-1 + (2 - (11 + -4)))?
3
4 - 11 - (1 + (-2 - 1))
-5
What is the value of -5 + (-13 - -18) + (6 - -1)?
7
Evaluate 8 + -6 + 1 + -1.
2
What is the value of 2 + -3 + 0 + -3 + 4?
0
What is -3 + -2 + (6 - -1)?
2
What is 4 - (-2 + 9) - 1 - 0?
-4
What is 1 - -2 - (107 - 99)?
-5
What is (2 - 4) + -9 + 6?
-5
What is 3 - (-3 - -8) - 0 - -5?
3
Evaluate (-9 - -10) + (-12 - -6).
-5
Calculate 2 - (-3 + (0 - -1 - -2)).
2
What is the value of 2 - -5 - (3 - 1)?
5
Evaluate 8 - (3 + 6) - -1.
0
What is the value of -141 + 144 - (0 - 5)?
8
What is -8 + (-1 - -9) - -6?
6
What is (13 - 7) + -2 + -5?
-1
15 + -20 + (1 - (-3 - 1))
0
What is the value of -3 + (-1 - 3 - -9) + -4?
-2
What is the value of -5 - (-8 + (2 - -2))?
-1
What is the value of 0 + 2 + 2 - (2 + -2)?
4
What is the value of 0 + (-4 - -3) + 4?
3
Calculate 4 + -1 + (-1 - (-2 + 1)).
3
What is -10 + 2 - (9 + -22)?
5
What is 0 + 1 + 4 - (-2 + 3)?
4
What is the value of 1 + -4 + (-8 - (2 + -13))?
0
(3 - (6 - 4)) + 0 + -5
-4
(9 + 0 - (-1 - -2)) + -7
1
What is (5 + 0 - 4) + -4?
-3
What is the value of -1 + (-3 - 0) + (-25 - -29)?
0
(1 - 0) + (-7 - (3 - 16))
7
(82 - 87) + -4 + (0 - 1)
-10
Evaluate 3 - (-3 + 3 + 1 - 3).
5
Evaluate 0 + 1 + -2 + -4.
-5
What is the value of -1 + -8 - (-11 - -7)?
-5
Evaluate 8 - (8 + 2 + -9).
7
Evaluate (10 - ((0 - 7) + 5)) + -6.
6
Calculate (3 - ((-6 - 6) + 5)) + -7.
3
What is the value of 17 - 0 - (-70 - -80)?
7
Calculate (4 - 7) + 7 + -12 + 9.
1
Calculate -2 + -1 - (0 + -4).
1
What is 10 + -9 + 2 - 11?
-8
Calculate (1 - (4 + -2 - -1)) + -2.
-4
What is -6 + 0 + 5 + -5 + 10?
4
Calculate (1 - 1 - 4 - -2) + 0.
-2
What is -6 + 0 + 3 + -5 - -2?
-6
What is (2 - -1) + -2 + 4?
5
-1 + -8 - (-72 - -64)
-1
What is the value of (1 - 6) + (4 - -2)?
1
What is the value of 2 - 0 - 6 - (-19 + 16)?
-1
Evaluate 9 + -1 + (25 - 34).
-1
-2 - 4 - (-7 + (0 - -7))
-6
-4 + 7 + 8 - 9
2
What is (-7 + 0 - -1 - -3) + 4?
1
What is 9 - (17 + 3 - 5)?
-6
What is 0 - (-2 + 1) - 1?
0
What is the value of (0 - -4) + (-2 - -3)?
5
What is (0 - -6) + (-10 - (-12 + 6))?
2
Calculate -4 + (-1 + 3 - 2) - -2.
-2
Evaluate (3 - 4) + 1 + 3.
3
4 - (5 - (-3 - (3 + 0)))
-7
0 + -1 + (4 - 8)
-5
10 + -6 - (4 + 1)
-1
-35 + 37 + (1 - -3) - 13
-7
What is 0 + -1 - 7 - (254 + -259)?
-3
Evaluate 0 + -4 + (-1 - 5) + 9.
-1
Evaluate 1 + 4 + -10 + (15 - 5).
5
What is -4 - (6 + (-5 - 7) - 3)?
5
Evaluate -5 - -2 - (0 + -5).
2
0 + 0 - -5 - 4
1
6 - (6 - ((3 - 0) + 0))
3
What is the value of 2 + (1 - (8 + -1))?
-4
What is the value of -10 - (-4 + -3) - -4?
1
4 - -1 - (26 + -23)
2
What is the value of 3 + 2 + -6 + (-1 - 2)?
-4
What is the value of 0 + 5 + -3 + 12 + -9?
5
What is -8 + 14 + 6 - 4?
8
What is 14 + -17 - (2 + 0 + -4)?
-1
Evaluate 0 + 5 + -1 - (0 - -2).
2
What is 3 + (-2 - 2) - -3?
2
What is -2 + (13 + -6 - 3)?
2
Evaluate (-2 - -4) + (-4 - 0).
-2
Calculate 1 + -5 + (18 - 13).
1
What is the value of 4 + (-6 + 1 - -3)?
2
What is 0 - (5 - 4) - 4?
-5
Evaluate -22 + 26 + 0 + 0.
4
(4 + 2 - 3) + -1
2
What is -2 + (-3 - (-2 - -2))?
-5
Calculate 0 + (2 + -3 - (5 - 11)).
5
-1 + (4 - 0) - (-2 + 4)
1
What is the value of 0 + -3 + 7 + -2 + 0?
2
What is the value of 4 + (-6 - -3) - 0?
1
What is -9 - -17 - (0 + 4)?
4
What is (-9 - 1) + 1 + 2 + 4?
-3
Calculate 3 - (7 - 4 - 3 - -5).
-2
Evaluate 13 - (14 + (5 - 10)).
4
What is 9 - 0 - (-2 + (11 - 5))?
5
Evaluate 3 - 6 - (6 - (2 + 5)).
-2
Calculate -3 + 6 + -1 + -6.
-4
48 + -50 - (-3 - -2)
-1
Evaluate (-5 - -2) + (11 - 3) + -7.
-2
1 + (0 - -1) + -3 - 0
-1
What is 4 + (0 - 3) + 0?
1
0 - -3 - (2 + -3 + 2)
2
Evaluate 1 - -1 - -3 - 4.
1
What is -5 - (-3 - (2 + (-2 - -6)))?
4
Calculate -2 + 0 - (-5 + 7 + -1).
-3
What is the value of 4 + (3 - (4 + 4))?
-1
(-9 - -1) + (10 - 8)
-6
Calculate -2 - (1 - 5) - 5.
-3
Evaluate 4 - (4 - 3) - (1 - -3).
-1
Calculate (-1 - -5) + 1 + -25 + 20.
0
What is the value of -2 + 4 + -3 - 4?
-5
What is the value of -6 - (-4 + (1 - 0)) - 2?
-5
Evaluate -7 + -7 + 6 + 13 + -6.
-1
What is 11 - 3 - 8 - (1 + 2)?
-3
-3 + 1 + -2 - 1
-5
What is the value of 2 + 1 + (5 - 10)?
-2
What is (-12 + 8 - -1) + 1?
-2
Calculate 0 - 5 - (8 + -8).
-5
What is the value of -3 + 5 - (4 - 8)?
6
Calculate 9 - 2 - 8 - -1.
0
Evaluate 1 + (-1 - (4 - 8)) + -6.
-2
What is the value of (-11 - (-4 + 5)) + 3?
-9
Calculate 2 + -2 + (-4 - -2).
-2
What is the value of -1 - (-3 - (-5 - (-2 - 1)))?
0
Evaluate -4 + (5 - 2) + 4.
3
Evaluate (-5 + -6 - -6) + 6.
1
0 - 12 - (6 + -4 - 7)
-7
What is 3 + 3 + 1 + -13?
-6
What is (-47 - -38) + (21 - 3)?
9
What is the value of 8 + -5 + -1 + 0 + -1?
1
Evaluate -9 + (2 - -8) + (-1 - 5).
-5
What is 2 + 3 + (-7 - 11 - -12)?
-1
What is -4 + (-14 - (2 + -7) - -6)?
-7
6 + (-11 - (-5 - 6))
6
What is (11 - 15) + -7 + 20?
9
What is the value of (-3 - (7 - 4)) + (4 - -1)?
-1
Evaluate -7 + (6 - 0) - (-1 + 0).
0
Evaluate 1 - -2 - (10 + -5 + 2).
-4
What is the value of 3 + -5 + (2 - (-2 + 3))?
-1
Evaluate -2 + 6 + (-8 - 5) - -4.
-5
What is the value of (-1 + (3 - 3) - -3) + -2?
0
4 - (-3 + (-5 - -4) + 8)
0
What is the value of 0 + -5 - (1 + -3 + 2)?
-5
What is the value of (-5 - (-5 - 0)) + 0?
0
Evaluate -1 + -4 + 2 - 1.
-4
Calculate -2 + 5 - (-4 - (-3 + -1)).
3
What is the value of -2 + (1 - 5 - (-4 - -1))?
-3
What is the value of 1 + (7 - 2 - 7) + -1?
-2
What is -2 + 3 + (-4 - 2) + 4?
-1
What is 4 + (-4 - -3) - 2?
1
Evaluate (0 - 5) + 8 - 5.
-2
Calculate 8 + 1 - (52 + -35).
-8
Calculate 10 + (2 - 1) + -8 + -9.
-6
What is 3 + -3 + 3 - 0?
3
Evaluate 4 + -8 + 3 + (7 - 1).
5
2 + (1 - (0 + 4))
-1
-2 + (2 - 1) - (-63 + 57)
5
Calculate 3 - (11 + (5 - 5)).
-8
-3 + (5 - -1) - 0 - 7
-4
Evaluate (13 - 12) + -17 - -14.
-2
What is 2 - -1 - (-2 - (7 + -7))?
5
What is (11 - 1) + -3 + 2 + -2?
7
Evaluate (0 + 4 - 4) + 5 + -9.
-4
What is the value of -5 - -1 - (-29 - -29) - -9?
